7*x + 9. Let b(q) = 3*d(q) - 5*y(q). Suppose -237 + 421 = 23*w. Give b(w).
-22
Suppose 0 = -2*h + w - 4, -3*w + 20 = h + 2*w. Suppose h = 2*m - 21 + 13. Let x(q) = -5*q. What is x(m)?
-20
Let p(w) be the second derivative of -w**5/60 + 5*w**4/24 + w**3/3 - 43*w**2/2 + w + 7. Let n(o) be the first derivative of p(o). Calculate n(5).
2
Let l(y) = y - 5. Let m(j) = -1. Let i(f) = l(f) + 6*m(f). Let x = -188 + 186. Let u(s) = 3*s + 15. Let t be u(x). What is i(t)?
-2
Suppose 0 = 14*a - 18*a + 32. Let c = -49 + a. Let s = c + 35. Let l(j) = -j**3 - 6*j**2 + 6. What is l(s)?
6
Let c(x) = 3*x + 19. Let o be 0/((-12 + -2)/14). Give c(o).
19
Let f(c) = -11*c + 16. Let o(s) = s + 2. Let m(w) = -f(w) - 10*o(w). What is m(10)?
-26
Suppose -4*b - g = 6, 32*b - 29*b + 2*g + 12 = 0. Let t(f) be the second derivative of 1/6*f**3 + 0 + b*f**2 + 40*f. Give t(-4).
-4
Let a(b) be the second derivative of 1/12*b**4 + 0 + 21*b - 3/2*b**2 + b**3. Calculate a(-6).
-3
Let a(k) = -442*k - 2*k**2 + 223*k + 212*k - 3. Determine a(-5).
-18
Let b(l) be the third derivative of l**4/4 - l**3/6 + 141*l**2 + 23*l. Let n be (4 + -2)/2 - 2. Let x = 0 - n. Calculate b(x).
5
Let g(a) = 4 + a**2 + 2 - 2*a**2. Let j = -5719 - -5722. Calculate g(j).
-3
Let m(l) = 117*l - 1755. Let d be m(15). Let z(g) = 11*g + 13. Determine z(d).
13
Let t be (-14)/(-8) + (2 - -2)/16. Let r(j) = 373*j**2 - 374*j**t - 2 + 4*j + 4. Give r(5).
-3
Let d be 1/(35/(-14))*(-6 + -4). Let x(l) = 7*l - l - d*l**2 - 7*l + 3*l + 0*l - 2. What is x(2)?
-14
Let n(a) = -a**3 - 15*a**2 + 16*a + 2. Suppose -5*v = 5*r + 7334 - 2309, -5*r = -v - 1005. Let i = v - -989. Determine n(i).
2
Let x(r) be the second derivative of r**4/3 + r**3/3 - 1493*r. Give x(1).
6
Let p(s) = -s**2 + 2*s + 5. Suppose -9*f + 100 = -4*f. Suppose 13*m - f = 8*m. Suppose m*t = 8, 5*i + t = -0*t + 22. What is p(i)?
-3
Suppose 0 = 10*h + 116 - 166. Let q(t) = -72*t**2 - h*t + 4 + 0*t**3 + 69*t**2 - 1 + t**3. Give q(4).
-1
Let z(s) = -s**3 - 6*s**2 - 4. Let i(l) = 6*l**2 - 2*l + 1. Let b be i(1). Suppose 0 = -3*u + b*u + 12. What is z(u)?
-4
Let o = 95 - 93. Let z be 165/15 - (-2 + 3*o). Let x(c) = c**2 - 7*c - 9. Determine x(z).
-9
Let k(t) be the third derivative of -1/8*t**4 + 0*t - 8*t**2 - 2/3*t**3 + 7. Determine k(-4).
8
Suppose 64 - 96 = -8*l. Suppose -3*i - 31 = -l*g, -2*i + 6 = -0*g + 4*g. Let n(p) = p**3 + 5*p**2 + p + 10. Determine n(i).
5
Let a be (0 + 3 + -8)/(-1). Let c(b) = -164 + b**2 - 2*b**2 + 277 - b - 106. Calculate c(a).
-23
Let t(k) be the third derivative of -k**4/24 - 5*k**3/3 + 2*k**2. Let g(i) = i**3 - 3*i**2 - 85*i - 33. Let h be g(11). Give t(h).
-10
Let p(o) = -o**3 + 3*o**2 + o - 19. Let i be p(2). Let l(x) = x**3 + 14*x**2 + 18*x + 61. Give l(i).
-4
Let g(a) be the second derivative of -a**5/20 - a**4/2 - a**3 + 2*a**2 - a. Suppose -z - 428*v + 430*v = -19, z = 3*v + 31. What is g(z)?
9
Let y(m) = 26*m - m**3 - 12*m - 4*m + 4*m**2 + 1 - 5*m - 8*m. Give y(1).
1
Let f(o) = o + 8. Let k be 6 - 1 - (-72 - 2). Let y = k - 79. Calculate f(y).
8
Let k(c) = c**2 - 9*c - 5. Let n(q) = -q**3 - 17*q**2 + q + 22. Let g be n(-17). Suppose f - 7 = -3*x + 23, -g*f + 6 = -x. What is k(x)?
-5
Let o(x) = 4*x + 2. Let s be (-805)/92 - (-2)/(-8). Determine o(s).
-34
Suppose 6*o + 1502 = 218. Let d = o + 219. Let a(s) = 2 - 3*s + 0*s + 4*s. Calculate a(d).
7
Let m(t) = -9*t**3 + 17*t**2 + 8*t - 26. Let h(q) = 10*q**3 - 20*q**2 - 9*q + 27. Let n(p) = 8*h(p) + 9*m(p). Calculate n(-7).
-18
Let o(u) = 10*u**2 - 2. Suppose 76*d - 22 = 65*d. Calculate o(d).
38
Let i(t) = -t + 5. Let a(k) = -4*k - 1. Let d be a(-3). Suppose 4*p = -8, -332*c = -329*c - p - 14. Suppose -12*z + c = -d*z. Calculate i(z).
1
Let x be (46 + -43)/(-1 - 0). Let a(u) = -11*u**2 + 7. Give a(x).
-92
Suppose 262 = -4*p - l + 203, -4*p + 4*l - 44 = 0. Let x(y) = -y**2 - 20*y - 22. Give x(p).
62
Let d(v) = 2342*v**3 + 21*v**2 - 4683*v**3 + 35 + 2342*v**3 + 4*v + 0*v**2 - 2*v. Calculate d(-21).
-7
Let f(k) = -k**3 + 7*k**2 - 3*k + 6. Let a be (195/(-26))/(6/(-4)). Let i(j) be the second derivative of j**3/3 - 3*j**2/2 + 3*j. Let u be i(a). What is f(u)?
-15
Let g(o) = o**3 + 5*o**2 - 8*o - 9. Let n be (-6)/(-8)*444/(-37). Let a(m) = -m**2 - 16*m - 69. Let s be a(n). Give g(s).
3
Let r(k) = 20*k**2 + 811*k - 811*k + 2*k**3 + 6 + 5. Calculate r(-10).
11
Let v(i) = -i + 1. Let g be (230/(-14) - -1)/((-8)/28). Suppose 3*s + 84 = 5*d - 75, 5*s + 237 = -d. Let t = s + g. What is v(t)?
-5
Let s(x) be the first derivative of -x**4/4 - 5*x**3/3 + 55*x**2/2 - 19*x + 1607. Determine s(5).
6
Let u(t) = t**3 - 5*t**2 - 4*t + 7. Suppose 119*z + 220 = 81*z + 93*z. Calculate u(z).
-25
Let j(c) = -c**3 - c**2 + c. Let l be 760/(-35) + 3 + (-4)/14. Let n = l - -17. Calculate j(n).
2
Let y be (648/(-78))/(-2) - 2/13. Let z(o) = y*o**2 - o**3 + 0 + 1 + 6*o - o**2 - 12. Give z(4).
-3
Let p(f) be the first derivative of 104 + 0*f + 3/2*f**2. What is p(-2)?
-6
Let s(z) be the first derivative of -4*z**3/3 + 11*z**2/2 - 2*z - 85. Let w(y) = 3*y**2 - 10*y + 3. Let r(v) = -4*s(v) - 5*w(v). Calculate r(-5).
-12
Let b(l) be the first derivative of l**4/4 + 2*l**3/3 - 2*l**2 - 2*l + 1319. Give b(3).
31
Let l(h) = h**3 + 12*h**2 - h - 24. Let o be l(-12). Let b = -16 - o. Let q(c) = -c**3 - 5*c**2 - 3*c + 1. Let a be q(b). Let i(p) = -5*p - 4. What is i(a)?
11
Let h(c) = -2*c - 3. Let l(v) = -8*v - 12. Let y be l(-2). Suppose 6*g + 22 = y. Give h(g).
3
Let s(g) = -g**2 - 15*g - 47. Let f(r) = r**2 - 550*r + 2170. Let q be f(4). Determine s(q).
-33
Let i(v) = v**2 - 13*v + 45. Let p = 16737 - 16732. Calculate i(p).
5
Let z(c) = 5*c + 27. Let g = 3488 + -3493. Determine z(g).
2
Let v(t) = -4*t - 2. Suppose -1 = -3*d - 7*r + 6*r, -5 = -d - 5*r. Suppose d = 3*i - 16*y + 14*y + 19, 5*y - 31 = 2*i. Calculate v(i).
10
Suppose -4*k + 0*k = 4. Let o be (2*k/1)/(50/(-75)). Suppose o*r = -2*r + 10. Let z(s) = 5*s - 2. Determine z(r).
8
Let o(d) = 10*d**2 + 16*d + 26. Let g(y) = -7*y**2 - 10*y - 18. Let c(j) = 7*g(j) + 5*o(j). Calculate c(-11).
15
Let m = 21645 - 21639. Let h(a) be the third derivative of -1/60*a**5 + 1/3*a**3 + 1/120*a**m + 0 + 0*a**4 + 0*a - 2*a**2. Give h(0).
2
Let o(z) = -8*z**2 - 11*z + 20. Let t(g) = 13*g**2 + 21*g - 39. Let r(s) = 5*o(s) + 3*t(s). Determine r(7).
-10
Suppose -5*w = 3*y - 16, -3*w - 13*y + 10*y + 12 = 0. Let c(v) = -v**2 + 9*v - 4. Determine c(w).
10
Let o(y) = -y - 18. Let b be ((-36)/6 - -7 - 1)/(-4). What is o(b)?
-18
Let l = -6 + -3. Let u(s) be the third derivative of s**5/60 + 3*s**4/8 - 7*s**3/6 + s**2 - 1716. What is u(l)?
-7
Let i = 282 + -282. Let y(j) = -j - 75 + i*j + 38 + 31 + j**3 + 10*j**2. Calculate y(-10).
4
Let s(m) = 3*m**2 + m + 1. Let q(y) = -y - 1. Let h(a) = a**3 - 9*a**2 - 24*a + 21. Let o be h(11). Let v(k) = o*s(k) - 2*q(k). Determine v(-1).
-3
Let v = -6 - -11. Let l(p) be the first derivative of 4*p**2 + 18*p + 33. Let b(u) = 9*u + 22. Let j(x) = -5*b(x) + 6*l(x). Calculate j(v).
13
Let p(z) = -70*z + 702. Let h be p(10). Let q(c) = -7*c**2 + 13*c - 1. Give q(h).
-3
Suppose 196*s - 1015 = -35. Let i(g) = g**3 - 2*g**2 - 7*g - 16. Give i(s).
24
Let b be (4 - (-16)/(-4))/1. Suppose b = 9*f - 14*f + 10. Let q(p) = -25*p + 9*p + 9*p + 3 + p**f. Determine q(7).
3
Suppose 13*k - 117 = -14*k + 18. Let l(z) = -z + 2*z - 6 + 4*z - z**2 + 0. Calculate l(k).
-6
Let f(t) = -469*t**2 - 3 - 475*t**2 - 474*t**2 - t**3 + 0 + t + 1421*t**2. Let s(j) = -j - 2. Let g be s(-5). Suppose -1 = m - u, 8 = g*m + m - u. What is f(m)?
0
Let y(m) = 3*m**2 - 11*m - 9. Let r(b) = -4*b**2 + 15*b + 8. Let d(p) = 4*r(p) + 5*y(p). Calculate d(0).
-13
Let v(d) = -d**3 + 4*d**2 + 7*d - 6. Suppose 0 = -6*p + 7*p + 4*n - 36, 4*p - 7*n - 98 = 0. Suppose -p*y + 2*a = -26*y - 16, -25 = -2*y + 5*a. Give v(y).
4
Let f = 37 - 35. Suppose 6*b = f*b + 8. Let o be 1*(8/(-2) + (b - 2)). Let a(m) = m + 3. Determine a(o).
-1
Let p = -18488 - -18495. Let d(i) = 8*i - 27. Calculate d(p).
29
Suppose -4*w - 4*j = -17 - 15, -5*w - 2*j = -43. Let g(h) be the third derivative of h**4/24 + h**3/3 - 3*h**2. Determine g(w).
11
Let g(c) = 831346*c**2 + 45 + 6*c - 8 - 831347*c**2. Calculate g(10).
-3
Let f be -2*9/126 + (-186)/21. Let z(m) = m. Calculate z(f).
-9
Let k(u) = u**2 + u + 1. Let s(f) = -f**2 - 